 -39) + 8 + 11.
34
What is -14 + 19 + (45 - 9) - 17?
24
What is -128 + 28 + -41 + 79 + -42?
-104
Calculate 31 - (-36 - (26 + -45)).
48
Calculate (7 - -10) + -73 - (11 + -2 + -2).
-63
-16 + -21 + 26 + 11 - (52 - (8 + -14))
-58
What is 0 + (-1 - 53) - (350 + -537 - -180)?
-47
Evaluate (-5 - (2 - (11 - 6))) + 49 + -37.
10
Calculate 115 + -94 - (9 + 0) - -18.
30
(3 - -25) + (-144 - (-154 + 108))
-70
Calculate (-83 - -87) + (3 - 13) + 1 + 45.
40
Calculate (10 - (27 + -9)) + 36 - 16.
12
Evaluate -9 + (-35 - 4) + -5 + 37.
-16
Evaluate -67 - -55 - (-18 - (-15 + 17)).
8
Calculate 12 + 1 + (13 - (-19 + (18 - (19 - 23)))).
23
What is the value of (17 + (-3 - -5) - (-148 + 157)) + -64?
-54
(-28 - -42) + (-16 - -8 - 31)
-25
Evaluate -3 + -91 + 172 - 132.
-54
-96 + 145 - 84 - 13
-48
4 - (0 + -24) - (-602 - -592 - (-1 + -15))
22
Evaluate -28 - -54 - (-1 + -9).
36
Calculate (-1 - -3 - -10 - (12 - 3)) + 3.
6
-25 + 12 + 23 + 29 + 22
61
What is -4 + (-5 - -8) + -1 - -13 - -21?
32
Evaluate (440 - 350) + (-3 - 139).
-52
Evaluate (-35 - 42) + 16 + 50.
-11
Evaluate 51 + 1 - (-5301 + 5385).
-32
What is the value of -4 - (-4 + (84 + -91 - (79 + 0)))?
86
What is the value of -1 + 2 + -3 - (-10 + (-23 - -26))?
5
What is the value of (-1 - -20 - 56) + 38?
1
What is the value of -16 + (0 - 31) + (1221 - 1231)?
-57
What is the value of (11 + -17 - -4) + 65 + -22?
41
What is the value of 3 + (10 + -9 - 7) - (46 - 13)?
-36
What is -165 + 132 + (149 - 0) + -10?
106
What is (18 - (-10 - (-39 - -18))) + (10 - (-3 + 2))?
18
What is the value of 0 - -3 - ((-98 - -169) + -146)?
78
What is (-31 - (-72 - -46)) + 43?
38
Evaluate (-656 - -603) + 8 + 0.
-45
-1 + 33 + (-223 - (16 + -266))
59
What is -285 + 271 - (-6 - (7 + -2))?
-3
Calculate -91 + 115 + -50 - (-1 + 6 - (11 + -11)).
-31
What is the value of 13 + 39 + -48 + (6 - -16)?
26
What is the value of (48 + -21 + 50 - -35) + -9 + 0?
103
Calculate -49 + (-22 - -58) + 41.
28
Calculate 35 - (-37 - (-97 + -17)).
-42
What is the value of -40 - (7 + (7 - -2 - 0)) - 2?
-58
Calculate (-3 + 9 - 1) + 1 + 58 - (6 + -11).
69
-8 + 7 - (0 - -7 - (-17 + 11))
-14
Calculate (32 - 69) + (15 - 1) + -36.
-59
(-23 - (-33 - (-7 - (-2 + 15)))) + 0 + 23
13
What is (-1 - ((-82 - -94) + (0 - 0))) + 39?
26
-26 + (-15 - -50) + 5 + -6 + 8 + -2
14
What is the value of (21 - -118 - 90) + (-2 - (1 + -4 + 2))?
48
What is the value of -81 + 33 - (49 + -149)?
52
Evaluate 22 + -128 + (23 - 0) + (22 - 4).
-65
What is the value of (5 + 1 + -15 - (-2 - -5) - 6) + -6?
-24
Calculate -4 - 10 - (314 + -281).
-47
Evaluate -47 - -13 - -44 - (-1 - -16).
-5
-60 - 0 - (0 + -29 + (-6 - -19) + 27)
-71
Calculate 611 + -741 + -6 + 67.
-69
Calculate -19 + (-1 + -6 - (-29 - (86 + -81))).
8
-135 - -42 - (17 - (41 + -17))
-86
What is the value of 0 - ((-49 - 7) + 0 + 4)?
52
-32 + 121 - (198 + -111)
2
What is the value of (-27 - 125) + 128 + 57?
33
(-8 - (-8 + 0)) + -9 - (-27 - -48)
-30
What is -18 + (7 - (15 - -35))?
-61
Calculate 196 + -186 - ((17 - 13) + 0 - (0 + -9)).
-3
-49 + 93 - (27 - -78)
-61
Evaluate -66 + -151 + 204 + (40 + -1 - (-2 - -5)).
23
Evaluate -44 + (-5 - -22 - 2) + (-1 - 4).
-34
What is the value of -79 - (39 - 54) - -118?
54
What is the value of -105 + 147 + -53 - (60 - (3 - 1))?
-69
Evaluate 18 + (16 - -1) - 20 - (22 - -2).
-9
Calculate 3 + -20 + (-84 - -31) + 62.
-8
Calculate -12 - (-13 + -38 + (-14 + 19 + 1 - 0)).
33
-10 - ((-2 - 4) + 0 + (37 - -80))
-121
What is (-13 - ((7 - (-6 + 21)) + (19 - 15))) + 43?
34
Calculate -64 + 103 + 30 + -10 + -14.
45
What is -46 - (-72 + 34 - -54)?
-62
What is -85 - (57 + -54 - 50)?
-38
What is 9 + -4 + -13 - (349 - 355)?
-2
-65 + (-68 + 55 - -83)
5
What is -76 + -6 + 58 - -44?
20
Evaluate (11 - 1 - 8) + -16 + -21 - -4.
-31
What is the value of 32 - ((40 - 1) + (-2815 - -2820))?
-12
Calculate 20 + -8 + 3 + (-118 - -112) - -3.
12
(-48 - (-63 + 22)) + (-82 - (-4 + 1))
-86
-1 + -2 + -17 + (6 - 9) - -7
-16
0 + -34 + -13 + 35 + -7
-19
Calculate -2312 + 2256 + -1 + 69.
12
Evaluate 889 + -878 + -10 + 0 + (2 - 0).
3
Evaluate -11 + 17 + -16 + -2 + 11 + -8 - 78.
-87
What is -9 + 1 + 39 + -11 - (1 - 13)?
32
What is the value of -29 + (6 - -9) + -5 + -1?
-20
What is (38 - -38) + (1 - (2 - 2)) + (5 - 9)?
73
48 + (12 - (14 - -63))
-17
What is the value of 50 + -55 + 22 + 13?
30
Evaluate 12 + 3 + (10 - ((4 - -2) + 16)).
3
What is -5 + -7 + 41 - 50?
-21
Evaluate -38 - (-2 + -3 + (-16 - -6) - -11).
-34
9 - (5 + -9) - -17 - 1
29
Calculate -10 + 86 - (153 + -125).
48
Calculate (-6 + -11 + -4 - -15) + (-3 - -54).
45
Evaluate -39 + (-42 - -45) + 3 + -6 - -15.
-24
What is 13 + (-9 - 31) - (-181 + 189)?
-35
Calculate 1 + 8 + (-51 - -70 - (11 + (-8 - -61))).
-36
What is 38 + (-57 - 20) + 48?
9
Calculate 32 + (-21 + 7 - 33) + 13.
-2
50 - ((4 - 1 - 11) + 64 + (-129 - -65))
58
Calculate 3 + 5 + -6 + -15 + 52 + 2.
41
Evaluate 1 - 16 - (239 - 213) - (-4 + 1).
-38
Calculate -3 + -10 + 9 + -8 - 24.
-36
8 + (1 + -8 + 8 - (7 + (-1 - 4)))
7
What is 220 + (-423 - -305) - ((-1 - -3) + 0)?
100
What is -93 + (159 - (103 + -116))?
79
Evaluate -122 + (-15 - -149) - (-1 + 1 - -58).
-46
What is 90 + 68 + (-10 - 94)?
54
Calculate (12 - 27 - (-2 + -1)) + 1363 + -1358.
-7
Calculate (3 - (41 + (-5 - -9 - 0))) + -4.
-46
What is (460 - 208 - 245) + -6 + 7 + (-17 - 0)?
-9
Calculate (-1184 - -1242) + -14 + (-5 - -4).
43
Evaluate (114 - -82) + -35 + -115.
46
What is 0 + (-4 + 76 - (3 + (12 - -1) + -7))?
63
1 - 23 - (-108 - -69) - -19
36
Evaluate 7 + -7 - (-7 - -1) - (15 + 8 + -28).
11
Calculate (-2 - -38) + 28 + -37.
27
-49 - (-17 - 9) - -15
-8
Evaluate -13 - (7 + (-9 - 65)).
54
Evaluate (48 - 13) + (-46 - -22).
11
(41 - (39 - -22)) + 0 + 68
48
What is -30 - ((1 - 1) + 29 - (66 + -46))?
-39
-51 - ((-62 - -58) + 0 + (2 - 8) - -6)
-47
Calculate (-9 - -6) + 178 + -162 + -1 + -12.
0
4 + 5 + 11 + 31 + 2
53
What is the value of (-50 + 26 - -37) + -13 + (3 - -1)?
4
-14 - 1 - (-2988 - -3011)
-38
What is (-3 - 28) + 52 + -2?
19
What is (76 - 50) + 77 - 19?
84
Calculate 22 - ((7 - 12 - -16) + -35).
46
What is the value of (-5 - (-34 + 4 + 0)) + (-3762 - -3858)?
121
Calculate (-6 - -15) + (2 - -38).
49
Evaluate -20 + 33 + 17 + (-3 - -29).
56
Evaluate -63 - (39 - 147 - 29).
74
What is 4 - (0 + (-40 - (-6 + 4 - (6 + -4))))?
40
What is 0 + 17 + -46 + (-11 - -4) + 6?
-30
0 + -82 - ((8 - -47) + -66)
-71
What is the value of -4 + 0 + -1135 + 1088?
-51
What is 11 - (233 + -244 + 16 - (2 + -1 - -15))?
22
What is the value of 6 + -9 + 32 + 6 + -94?
-59
What is the value of 29 + -22 + (17 - 6 - -1 - 27)?
-8
Evaluate -42 + 57 - (123 + -67).
-41
What is (1 - (1 + 21)) + -42 + 113?
50
What is the value of (-72 - (2 - 19)) + 62?
7
What is the value of -1 - (0 + -7 + -41 + 53) - (-95 + 2)?
87
-124 + 94 - -59 - (-1 + -1)
31
0 - 56 - ((0 - -5) + -12 + (-3 - -1))
-47
(11 - (5 + -1)) + -9 + -2
-4
(2 - 15 - -3) + (-56 - -73) - -50
57
Evaluate 89 + -30 + (-12 - 15).
32
What is the value of 8 + ((-31 - ((-2 - -1) + -9)) + 13 - -10)?
10
Evaluate 27 + (-1 - (31 + 22)).
-27
Calculate 61 - (75 + 23 + -35).
-2
What is the value of 0 + -10 - (243 + -281)?
28
Calculate 122 - (27 + -5 - 14 - -8).
106
What is the value of -3 - (6 - -24 - (-21 + 50))?
-4
Calculate 68 + -71 + 72 - (5 - -5 - (2 - 6)).
55
Evaluate (14 - (9 + -4)) + 5 + -9 - (146 - 163).
22
What is the value of (2 - 17 - -10) + (25 - 0) + -33?
-13
What is (40 - 1) + (651 - 640)?
50
What is 8 - ((27 - -2) + (39 + -66 - -29))?
-23
Evaluate 0 - -178 - (-9574 + 9642).
110
Evaluate 21 + -2 - (139 + -125) - -4 - 20.
-11
Evaluate 3 - ((-28 + 20 - (3 + -3)) + -12).
23
Evaluate (-115 - -3) + 105 + (1 + -4 - -18).
8
What is the value of 16 - -2 - (28 - -10 - 19 - 14)?
13
Evaluate (-72 - (-88 + 81)) + 67.
2
Calculate -1 + -45 + 2 + (-122 - (-9 + -113)).
-44
What is 3 - (-32 + 73) - -9?
-29
What is 84 + (-20 - 7) + 12 + (-3 - -10)?
76
Calculate -59 + (71 - 37) - (-32 + -1).
8
What is 69 - 85 - (-2 + 7 - 0)?
-21
Evaluate 3 + 6 - 7 - (-3 + 11) - 59 - -3.
-62
What is the value of 14 + 101 + -43 + -48?
24
Evaluate -28341 - -28343 - (78 - (-1 - -3)).
-74
What is the value of -9 + -14 + (11 + -20 - 36)?
-68
What is the value of (-89 - (-63 - 42)) + 18?
34
Calculate -3 + 2 + 11 + -3 - (29 + 62 + -77).
-7
Calculate -18 + (161 - (19 - -19) - -16).
121
What is 59 + 3 + -6 + 9 +